t k = c - y. Let q(g) = g**2 + 6*g + 2. Give q(k).
-3
Let l(j) = 17*j + 30 - 18*j + 4*j + 0*j + 3*j. What is l(-17)?
-72
Let g(v) = -207*v**3 + 5*v**2 - 2*v - 2. Let t be g(1). Let q = t - -207. Let l(y) = 2*y**3 - 2*y**2 + y. Give l(q).
1
Let h(b) = 2*b**2 + 11*b + 17. Let w(y) = 29*y**2 - 988*y + 64. Let d be w(34). Calculate h(d).
5
Suppose -36*i - i - 148 = 0. Let t(f) = f + 0*f**2 + 3*f**2 + f**2 - 3*f**2 - 2. What is t(i)?
10
Let b(l) = -2*l**2 - l. Suppose 5*f + 2*p + 1 = 0, -39*p = -43*p + 8. Calculate b(f).
-1
Let i be (-10)/4 + (-108)/(-24). Suppose 4*h = 5*v - 16, -11*v - i*h - 2 = -12*v. Let m(q) = -v*q - q + q - 2 + 5*q. Give m(11).
9
Suppose 43 = 4*f + 5*u - 3, 3*u - 2 = 4*f. Let t(k) = -5 - k - 4*k**3 + k**3 + 2*k**3 + 5*k**2. What is t(f)?
7
Let k be (-84)/(-3) + (0 - -2). Let n be (-12)/5 + -2*(-6)/k. Let q(m) = 14*m + 1. Determine q(n).
-27
Let u(j) = 20*j - 11*j**2 + 3*j**2 + 5*j + 9*j**2 - 21. Calculate u(-26).
5
Suppose -3*j - 114 = 12*j - 39. Let q(r) = r**3 + 5*r**2 + 3*r + 3. Calculate q(j).
-12
Let l(j) = -j + 4919 + 0*j - j + 9*j - 4910. Give l(-4).
-19
Let t(f) = f**3 + f**2. Let s = -121 + 122. Let z be s/(4*(-3)/(-60)). Let a(m) = -m**2 + 3*m + 9. Let j be a(z). What is t(j)?
0
Let a(t) = 3*t + 4. Let n(l) = 45*l + 207. Let z(o) = -18*a(o) + n(o). Give z(16).
-9
Let l(i) = -4*i**3 + 3*i**2 + 7*i + 5. Suppose 25*d - 26*d - 5*a + 23 = 0, 0 = 2*d - 3*a + 19. Calculate l(d).
35
Let v(z) = z**3 - 8*z**2 + 2*z + 9. Let l(a) = -5*a**2 + 26*a - 13. Let u be l(1). What is v(u)?
25
Suppose 4*u + 5*i + 41 = 0, -3*u - i - 10 - 7 = 0. Let w be (3/u)/(-3) - (-625)/(-100). Let c(d) = d - 3. Give c(w).
-9
Let n(s) = -75*s + 54. Let y(w) = -8*w + 1. Let i(o) = 2*n(o) - 18*y(o). Calculate i(15).
0
Let p(i) be the third derivative of 0 + 1/8*i**4 - i**2 + 40*i - 1/60*i**5 + 2/3*i**3. Calculate p(4).
0
Let u be (-1*7)/(1/1). Let p be 1 - ((-14)/7 - 4). Let i(h) = -7 - 8 - h + p + 7. Give i(u).
6
Let n(w) be the second derivative of -w**7/2520 - 7*w**6/720 - w**5/10 + 55*w**4/6 + 6*w. Let u(x) be the third derivative of n(x). Calculate u(-4).
0
Suppose 5*k + 7 = -13, -2*k = -4*m + 2*k. Let c(p) = -2*p + 3*p**2 + 21 + p**3 - 10 - 14. What is c(m)?
-11
Let g(k) = 11 - 4 - 11*k + 6*k + 3*k. Suppose -5*m - 2*w + 3 = -6*m, 3*m - 31 = -2*w. Determine g(m).
-7
Let j(c) = c**2 + 12*c - 94. Let f be j(7). Suppose 41 = 3*q + v, 4*q - 4 = v + f. Let s(p) = p**2 - 11*p - 11. Give s(q).
1
Let m(u) be the third derivative of u**6/240 - u**5/120 + 9*u**4/4 - 139*u**2. Let r(v) be the second derivative of m(v). Give r(-2).
-7
Suppose -84*i + 85*i - 7 = 0. Let q(s) = 290 - 10*s - 584 + i*s**2 + 290 + s**3. Calculate q(-8).
12
Let g(p) = -12*p**3 - 23*p**2 + 13*p + 18. Let w(c) = 11*c**3 + 21*c**2 - 12*c - 16. Let h(j) = -10*g(j) - 11*w(j). Calculate h(-3).
8
Suppose -4*f - 2000 = -8*f - 2*z, 4*z - 16 = 0. Let g(x) = 246*x + 247*x - 2*x**2 - f*x - 3. Suppose 8 = -4*n - 3*j - 10, 4*n + 2*j + 16 = 0. Calculate g(n).
-6
Let w(q) = -6*q**2 + 4*q + 3. Let p be 20/16*(-232)/145. What is w(p)?
-29
Let s(x) be the second derivative of -x**5/20 + x**4/6 - 7*x**3/6 - x**2 + 11677*x. Give s(4).
-62
Let p = 24550 - 24558. Let x(q) = -q**3 - 10*q**2 - 22*q - 17. Give x(p).
31
Let z(c) be the second derivative of c**3/6 + 3*c**2/2 + 4135*c. Suppose -5*v - 5*l = 66 + 19, 0 = 2*l + 6. Determine z(v).
-11
Let x(h) = h**3 + 47*h**2 - 87*h + 541. Let c be x(-49). Let n(v) = -v**2 + 11*v - 14. Determine n(c).
4
Let m = -15 - -1. Let s = m - -14. Let j(q) = q + 1 - 304*q**2 + 303*q**2 - 14. Give j(s).
-13
Let n(f) be the second derivative of 3/2*f**3 + 2/3*f**4 - 5/2*f**2 - 7*f + 0 - 1/20*f**5. Let a(t) = -t**3 - 2*t**2 + 13*t - 1. Let r be a(-5). Give n(r).
-5
Let m(f) = f**2. Let d be m(-2). Let j(s) = s + 0*s + 9 - d - 2*s. Determine j(0).
5
Let c(s) be the third derivative of s**6/120 + s**5/60 - s**4/24 - 2*s**3/3 + 2*s**2. Suppose 50*h - 45131 = 2569. Let u = h - 954. Give c(u).
-4
Let n(l) be the first derivative of -l**4/2 + 14*l**3/3 - 7*l**2/2 + 48*l - 4521. Calculate n(7).
-1
Let i(g) = -g**3 - 10*g**2 + 30*g + 9. Suppose -4*o - 7*q - 45 = 0, -3*q = -21 + 18. Determine i(o).
126
Let z(b) be the first derivative of 2*b**3/3 - 2*b - 16. Let o(f) = -10*f - 11. Let y be o(-2). Let c = y + -11. What is z(c)?
6
Let q be 3 - (-18 + 6)/(-2). Let t(h) be the first derivative of h**4/4 + h**3 - h**2/2 + h + 110. What is t(q)?
4
Let x(v) = -v - 59. Let j(p) = -62. Let o(m) = 6*j(m) - 7*x(m). Determine o(-5).
6
Let c(s) = -3*s. Suppose 7*u - 8 = 3*u. Let p be c(u). Let b(i) = 2*i**2 + 2. Let v(g) = 15*g**2 - 6*g + 12. Let d(j) = 8*b(j) - v(j). Give d(p).
4
Let s(r) = -172*r**2 + 344*r**2 - 173*r**2 - 2*r - 16 + 20. What is s(3)?
-11
Let t(v) = 4*v + 58. Suppose -3*x + 3*i = 36, -5*i = 8*x - 6*x + 31. What is t(x)?
6
Let x(j) = -j**3 + 22*j**2 + 48*j + 3. Let g be x(24). Suppose 4*l = -g*i + 216, -35 = -2*i + l + 98. Let h(c) = -c**2 + 71 - i + 4*c + 5*c. Determine h(9).
3
Let b be ((-32)/24)/(-2)*(-9)/(-2). Let x(d) = -6*d - 3. Determine x(b).
-21
Let q(h) = 0*h**3 + 7 - h + 4*h**3 + 127440335*h**2 - 127440332*h**2. What is q(-3)?
-71
Suppose m = -m + 2, w + 8 = 3*m. Let s(h) = -3*h**2 + 16*h + 10. Let q(p) = p**2 - 8*p - 5. Let o(y) = w*q(y) - 2*s(y). Let u = -2492 - -2486. Determine o(u).
-7
Suppose -3*p + g + 4*g - 177 = 0, -p = -4*g + 52. Let d = p + 59. Let x be d - 0 - (-25 + 20). Let q(h) = h**2 - 3. Determine q(x).
-3
Let n(k) be the second derivative of -k**5/10 + 5*k**4/12 - k**3/6 - k**2 - k. Suppose 218*m - 214*m + 2*h - 22 = 0, 0 = -3*h + 15. Determine n(m).
-14
Let h(r) = r**2 + 11*r - 10. Let q(y) = y**2 + 10*y - 9. Let s(w) = 2*h(w) - 3*q(w). Let f = 95 - 103. Calculate s(f).
7
Let m = 4 + -4. Let f(p) be the third derivative of 0*p + 13/6*p**3 + 25*p**2 - 1/60*p**5 + 1/24*p**4 + 0 + 1/120*p**6. Give f(m).
13
Let d be (4/6)/(0 + (-12)/(-18)). Let o be 1*(d + (1 - 0)). Let m(r) = 1 + 0 + 4 + o*r. Give m(-6).
-7
Let g(y) be the third derivative of y**4/6 - y**3/3 - 3*y**2. Let d be ((-13)/39)/(3/9). Give g(d).
-6
Let a(i) = i**2 - 11*i - 11. Let g be -1 + -3 - (3 - (-16 + 33)). Determine a(g).
-21
Let w(p) = 104*p**3 + 8*p**2 + p - 31. Let b(x) = -89*x**3 - 8*x**2 - 2*x + 30. Let i(q) = -7*b(q) - 6*w(q). Determine i(8).
40
Let m = -143 + 138. Let t(j) = -j**2 + 4*j + 41. Let y be t(m). Let f(b) = -b**3 - 4*b**2 - b - 3. Determine f(y).
1
Let m(b) = 5*b**2 + 30*b - 12. Let y(w) = -w**2 - 4*w + 3. Let a(i) = -m(i) - 4*y(i). What is a(-16)?
-32
Let b(u) be the first derivative of 1/2*u**2 + 5*u - 80. Give b(-4).
1
Suppose 940 = 14*x - 544. Let m(i) = x*i - 55*i - 54*i. Calculate m(5).
-15
Let q(n) be the first derivative of 11*n**3/3 + n**2/2 + n + 4546. Determine q(1).
13
Let a(q) = 3*q + 28. Let t(w) = w**2 - 74*w + 1259. Let g be t(47). What is a(g)?
-2
Let o(m) be the third derivative of 17*m**4/6 + 131*m**3/6 + 3941*m**2. Give o(-2).
-5
Let p = 16418 - 16415. Let q(w) be the third derivative of w**6/120 + w**5/60 - w**4/6 + w**3/2 - w**2. Give q(p).
27
Let o(a) be the second derivative of a**4/12 - 7*a**3/2 - 11*a**2/2 + 2*a - 474. Calculate o(20).
-31
Let j(t) = -11*t**3 - 12*t**2 - 7*t + 20. Let k = -97 - -105. Let w(v) = 4*v**3 + 4*v**2 + 2*v - 7. Let y(g) = k*w(g) + 3*j(g). Give y(-4).
24
Let q(m) = -m**3 - 7*m**2 - 4*m + 5. Let d be 13/(-5) + (-14)/35. Let p be (1 + d/2)*0. Suppose p = -3*o + 15, 36 = -3*k + o + 13. Give q(k).
-7
Let j(a) = -4*a - 15. Let f(z) = -5*z - 16. Let o(g) = 5*f(g) - 6*j(g). Let n(b) = -b - 10. Let q be n(-14). Suppose -5*w + 31 + q = 0. Calculate o(w).
3
Let i(c) = 42726*c**3 - 9*c**2 - 42725*c**3 + 5*c - 6*c**2 + 29*c - 34 - 3*c**2. Give i(16).
-2
Let x(o) = 11*o - 11. Let u(s) = 13*s - 14. Let p(k) = 5*u(k) - 6*x(k). Let w be (-3)/5 - (-22)/(-5). Let y be p(w). Let n(z) = 10*z**2 + z - 1. Calculate n(y).
10
Let i(r) = -566*r + 12 + 1105*r - 25 - 567*r. Calculate i(2).
-69
Let m(s) be the first derivative of -s**2/2 + 22*s + 64849. Suppose 0 = -2*w + 5*w + 3*z - 66, 5*z - 59 = -2*w. What is m(w)?
5
Let d = -3 - 1. Suppose t = 3*p + 360, -3*p = t + 178 - 514. Let h(a) = 4 - t*a + 184*a + 165*a. Determine h(d).
0
Suppose 5*q - 4*t - 72 = 0, 47*q + 2*t + 30 = 49*q. Let f(g) = g**3 - 11*g**2 - 10*g + 11. What is f(q)?
35
Let 